Calculate x(-24).
-2
Let w(z) = -60*z**3 + 1439*z**2 + 36*z - 283. Give w(24).
5
Let n(b) = -50*b**2 + 1909*b + 12. Calculate n(39).
-1587
Let c(r) = 27960*r + 1789433. Determine c(-64).
-7
Let d(b) = 4394*b - 17820. What is d(4)?
-244
Let u(o) = 29253*o - 585104. Determine u(20).
-44
Let r(t) = t**3 + 18*t**2 - 8*t - 614. Determine r(-16).
26
Let y(w) = -80*w + 6156. Calculate y(81).
-324
Let n(h) = 5*h**3 + 18*h**2 - 41*h - 39. What is n(-5)?
-9
Let d(l) = 6*l**2 - 52975*l - 1061903. Give d(-20).
-3
Let x(u) = 65451*u - 327631. Determine x(5).
-376
Let n(f) = 5*f**2 - 1292*f + 80795. Determine n(106).
23
Let j(b) = -136363*b - 1090899. Calculate j(-8).
5
Let x(f) = -4*f**2 + 1882*f - 9218. Calculate x(5).
92
Let m(t) = 6*t**2 + 49*t - 540. Calculate m(7).
97
Let z(o) = o**3 - 5*o**2 - 17*o - 34. Determine z(-8).
-730
Let k(l) = 155540*l - 13531984. Determine k(87).
-4
Let n(a) = a**2 - 524*a + 61052. Determine n(174).
152
Let f(j) = -2*j**2 - 5*j + 312. Determine f(28).
-1396
Let h(j) = 2*j**3 + 100*j**2 + 912*j + 153. Calculate h(-12).
153
Let j(n) = -n**3 + 111*n**2 - 102*n + 22. Determine j(0).
22
Let u(x) = 43665*x - 4322837. Give u(99).
-2
Let n(l) = -1464*l + 48240. Calculate n(33).
-72
Let d(q) = -524*q - 9208. Determine d(-19).
748
Let f(y) = -9*y**3 + 790*y**2 - 3023*y + 24. Determine f(4).
-4
Let f(w) = 9847*w - 1122562. Calculate f(114).
-4
Let x(y) = -148*y**2 + 5935*y - 583. Calculate x(40).
17
Let k(m) = -149487*m + 9118708. Determine k(61).
1
Let w(h) = h**3 - 57*h**2 - 38*h - 23. What is w(57)?
-2189
Let j(g) = 6898*g + 531152. Give j(-77).
6
Let p(m) = 9*m**2 - 1126*m + 4480. What is p(4)?
120
Let f(g) = 2*g**2 - 1067*g - 147498. Determine f(-114).
132
Let c(v) = 180*v + 11099. What is c(-62)?
-61
Let o(h) = 2*h**3 - 51*h**2 + 491*h - 13299. Determine o(26).
143
Let n(v) = -121*v + 1387. Calculate n(16).
-549
Let w(f) = -247*f**2 - 20499*f + 84. Determine w(-83).
-82
Let g(d) = -11*d**2 - 1523*d - 3694. Calculate g(-136).
-22
Let x(q) = 5*q**3 - 1328*q**2 - 7317*q - 28. Calculate x(271).
-28
Let r(t) = -t**2 - 48*t + 5130. Calculate r(-93).
945
Let v(l) = -l**3 + 7*l**2 - 2223*l + 24942. Calculate v(11).
5
Let m(u) = 2*u**3 + 137*u**2 - 200*u - 18212. What is m(-68)?
12
Let g(c) = -5*c**3 - 17*c**2 - 10*c - 65. Determine g(-4).
23
Let o(r) = 3*r**3 - 322*r**2 + 107*r - 398. Determine o(107).
-398
Let o(j) = -149860*j - 1198881. Calculate o(-8).
-1
Let m(a) = 794*a + 3644. Determine m(-6).
-1120
Let x(m) = -m**2 + 580*m + 74379. Give x(-109).
-722
Let i(k) = -3615*k + 3655. Calculate i(1).
40
Let q(m) = -84044*m + 1008408. What is q(12)?
-120
Let s(k) = -k**3 - 25*k**2 + 2*k + 347. Calculate s(-26).
971
Let k(b) = 7783*b - 31199. Determine k(4).
-67
Let f(t) = -1487019*t - 8922118. Calculate f(-6).
-4
Let a(j) = -j**2 + 4262*j + 219974. What is a(-51)?
11
Let z(b) = 4774*b - 71710. Determine z(15).
-100
Let q(j) = -32845*j - 558174. Calculate q(-17).
191
Let t(g) = -4030*g - 410141. Calculate t(-102).
919
Let j(w) = 307*w - 4265. Calculate j(12).
-581
Let g(y) = -28*y**2 - 17*y - 85. Give g(-4).
-465
Let j(v) = v**3 - 30*v**2 - 299*v + 781. Calculate j(37).
-699
Let a(r) = -3*r**3 + 53*r**2 - 33*r - 754. Give a(16).
-2
Let l(i) = -15*i**2 - 899*i + 4815. Give l(5).
-55
Let c(w) = -45*w**2 - 614*w + 615. Calculate c(1).
-44
Let w(b) = 181*b**2 + 252*b + 11. Give w(-5).
3276
Let u(w) = -2*w**2 + 428*w + 114274. Give u(369).
-116
Let b(x) = 63*x - 1536. Give b(35).
669
Let s(a) = a**2 - 134646*a - 673250. Calculate s(-5).
5
Let i(g) = -1515*g**3 - 51*g**2 + 109*g - 57. Give i(1).
-1514
Let d(m) = 2729*m + 19182. What is d(-7)?
79
Let h(j) = 11072*j + 675400. Determine h(-61).
8
Let q(n) = n**3 - 84*n**2 + 270*n + 4340. Calculate q(80).
340
Let t(p) = 33914*p - 237332. Determine t(7).
66
Let j(w) = w**3 - 36*w**2 - 191*w - 456. Determine j(42).
2106
Let v(g) = -34*g**3 - 951*g**2 + 38*g + 335. Calculate v(-28).
55
Let v(p) = -5708*p - 148396. Give v(-26).
12
Let d(j) = 447*j - 92959. Calculate d(208).
17
Let l(d) = -82*d**2 + 9594*d + 103. What is l(117)?
103
Let d(o) = 2*o**2 - 2383*o + 60592. Give d(26).
-14
Let v(n) = -11080*n - 199430. What is v(-18)?
10
Let w(c) = c**3 - 23*c**2 + 82*c - 99. Give w(3).
-33
Let k(j) = -2*j**2 + 127*j + 1754. Determine k(89).
-2785
Let n(y) = -y**3 + 24*y**2 - 98*y + 759. Give n(17).
1116
Let z(p) = 314*p - 3022. Give z(15).
1688
Let n(z) = 2*z**3 + 100*z**2 - 18*z - 324. What is n(-50)?
576
Let t(k) = -278*k + 4445. Give t(16).
-3
Let p(m) = -2*m**3 - 20*m**2 + 5638*m + 61758. What is p(-11)?
-18
Let u(t) = t**2 + 372*t - 28296. Calculate u(65).
109
Let j(g) = -4*g**2 + 1613*g + 2724834. Calculate j(-648).
-6
Let m(f) = 6*f**2 - 1094*f - 4364. Give m(-4).
108
Let x(c) = 3731*c + 40927. What is x(-11)?
-114
Let f(j) = 558191*j - 5581917. What is f(10)?
-7
Let t(o) = 2558*o**2 + 17966*o - 7. What is t(-7)?
-427
Let c(l) = 173*l**2 - 773*l - 20. Determine c(4).
-344
Let x(k) = -k**3 - 3*k**2 + 146*k - 181. Give x(10).
-21
Let t(u) = -9592*u - 9324. What is t(-1)?
268
Let j(v) = 1161*v - 5395. Give j(8).
3893
Let c(a) = -a**3 - 366*a**2 - 1578*a - 47064. Determine c(-362).
-4
Let m(k) = 25527*k + 1123196. Give m(-44).
8
Let b(i) = 968356*i - 2905072. Give b(3).
-4
Let z(y) = -16497*y + 33650. What is z(2)?
656
Let b(u) = 446*u - 156553. Determine b(351).
-7
Let b(v) = 2216*v + 104095. What is b(-47)?
-57
Let j(v) = 9*v**2 + 277*v + 1265. Calculate j(-4).
301
Let j(i) = i**2 + 3190*i - 35174. What is j(11)?
37
Let x(a) = 56*a**2 + 1517*a + 80. Calculate x(-27).
-55
Let p(a) = a**3 - 4*a**2 - 320*a + 2000. Determine p(6).
152
Let p(q) = -q**3 + 149*q**2 + 2817*q + 860. What is p(166)?
30
Let n(o) = 36673*o - 27504739. Calculate n(750).
11
Let l(t) = -2*t**3 + 126*t**2 - 4*t + 89. What is l(63)?
-163
Let n(p) = -707398*p - 5659178. What is n(-8)?
6
Let w(s) = -319531*s - 16935142. Calculate w(-53).
1
Let a(p) = -p**3 - 206*p**2 + 425*p + 87547. What is a(-206)?
-3
Let p(j) = -13*j**3 + 114*j**2 + 5*j - 4. What is p(9)?
-202
Let o(h) = 11416*h - 56963. What is o(5)?
117
Let s(x) = 28649*x + 3122746. Calculate s(-109).
5
Let p(g) = 3358*g + 150906. What is p(-45)?
-204
Let l(y) = -y**3 - 97*y**2 - 975*y + 3814. What is l(-85)?
-11
Let l(f) = f**3 - 83*f**2 + 586*f - 4114. Determine l(76).
-10
Let w(m) = -m**3 + 32*m**2 - 281. Determine w(0).
-281
Let l(w) = 65*w**2 - 2839*w + 11864. Calculate l(39).
8
Let w(o) = -838*o - 171732. Calculate w(-205).
58
Let z(r) = -16*r**3 + 43*r**2 - 7*r + 66. Determine z(3).
0
Let s(a) = a**2 - 9089*a + 1111689. Determine s(124).
29
Let r(s) = -9*s**2 - 619*s - 1428. What is r(-66)?
222
Let p(z) = -z**3 + 133*z**2 + 24*z - 3946. Give p(133).
-754
Let a(j) = -42*j**2 + 117*j + 462. What is a(5)?
-3
Let b(h) = 2*h**2 + 900*h + 97199. Determine b(-270).
-1
Let h(u) = -358919*u - 3589194. Calculate h(-10).
-4
Let p(r) = -12*r**3 - 228*r**2 - 4610*r - 87590. What is p(-19)?
0
Let a(g) = -11*g**3 - 23*g**2 - 53*g - 322. Calculate a(-7).
2695
Let x(k) = -967762*k - 10645376. Determine x(-11).
6
Let l(j) = -58*j**2 + 651*j - 793. Calculate l(5).
1012
Let l(m) = -2*m**3 - 108*m**2 + 550*m + 11918. Calculate l(-57).
62
Let a(r) = 2*r**3 - 5*r**2 + 49677*r - 198760. What is a(4)?
-4
Let i(n) = 137*n + 3947. What is i(-17)?
1618
Let c(v) = -3*v**3 - 61*v**2 - 47*v + 1310. Give c(-18).
-112
Let i(j) = 83969*j + 5877840. What is i(-70)?
10
Let v(p) = -1073*p + 6295. Calculate v(6).
-143
Let w(v) = v**2 + 4201*v + 175123. Determine w(-42).
445
Let a(v) = -8*v**2 - 58*v - 585. Determine a(-12).
-1041
Let r(d) = -5375*d + 419616. Determine r(78).
366
Let b(d) = -4466*d**2 + 40205*d - 114. Determine b(9).
-15
Let o(k) = -865*k - 20187. What is o(-25)?
1438
Let a(c) = -c**2 + 47933*c - 4305863. Determine a(90).
7
Let j(f) = 5867*f - 246401. Calculate j(42).
13
Let w(g) = -428*g**2 - 19420*g + 12337. Calculate w(-46).
9
Let t(w) = -251*w**2 + 13311*w - 421. Determine t(53).
3
Let y(g) = -8*g**2 + 70*g + 1162. What is y(-12)?
-830
Let u(b) = -11*b**2 + 158*b + 1836. What is u(22)?
-12
Let l(c) = 8209*c + 73923. What is l(-9)?
42
Let q(t) = t**2 - 500*t - 142654. Calculate q(-203).
55
Let w(p) = 13*p**2 + 11118*p + 22173. Give w(-2).
-11
Let z(j) = j**3 - j**2 - 568*j + 138. Give z(0).